n 24496 is divided by 4162.
3686
Calculate the remainder when 165316 is divided by 33052.
56
Calculate the remainder when 17920 is divided by 2398.
1134
What is the remainder when 55030 is divided by 1961?
122
Calculate the remainder when 99737 is divided by 29.
6
What is the remainder when 96323948 is divided by 26653?
6
What is the remainder when 781904 is divided by 781892?
12
Calculate the remainder when 3193304 is divided by 638640.
104
What is the remainder when 658483717 is divided by 919?
918
What is the remainder when 194519 is divided by 10341?
8381
Calculate the remainder when 29294 is divided by 9234.
1592
Calculate the remainder when 102183557 is divided by 51091767.
23
What is the remainder when 711222 is divided by 73?
56
Calculate the remainder when 15044262 is divided by 743.
741
What is the remainder when 13818621 is divided by 5777?
37
What is the remainder when 462497 is divided by 13?
9
What is the remainder when 107863 is divided by 277?
110
Calculate the remainder when 1265050 is divided by 28.
10
What is the remainder when 1564635 is divided by 4899?
1854
Calculate the remainder when 339054 is divided by 1831.
319
What is the remainder when 182319116 is divided by 182319116?
0
Calculate the remainder when 2297662 is divided by 31.
4
Calculate the remainder when 236030 is divided by 152.
126
Calculate the remainder when 2286779 is divided by 49.
47
Calculate the remainder when 612964 is divided by 109.
57
Calculate the remainder when 309472 is divided by 1129.
126
What is the remainder when 13759225 is divided by 558?
61
What is the remainder when 101990202 is divided by 404723?
6
Calculate the remainder when 2959624 is divided by 232.
0
Calculate the remainder when 2981957 is divided by 162.
23
Calculate the remainder when 24030415 is divided by 289523.
6
What is the remainder when 10360762 is divided by 287?
62
What is the remainder when 209588 is divided by 3376?
276
Calculate the remainder when 1926960 is divided by 2022.
2016
Calculate the remainder when 13578962 is divided by 747.
743
What is the remainder when 9130530 is divided by 246?
240
Calculate the remainder when 4600143 is divided by 311.
142
Calculate the remainder when 15577012 is divided by 344.
4
Calculate the remainder when 235635 is divided by 33596.
463
What is the remainder when 12486165 is divided by 333?
330
What is the remainder when 2530632 is divided by 22?
16
What is the remainder when 252245 is divided by 50416?
165
Calculate the remainder when 5853261 is divided by 1051.
242
Calculate the remainder when 1002914 is divided by 291.
128
What is the remainder when 4618760 is divided by 3478?
3454
What is the remainder when 134472 is divided by 13417?
302
Calculate the remainder when 44208 is divided by 4919.
4856
Calculate the remainder when 5075 is divided by 1010.
25
What is the remainder when 7186285 is divided by 473?
469
What is the remainder when 1194016 is divided by 298498?
24
Calculate the remainder when 41347682 is divided by 185.
182
What is the remainder when 300491653 is divided by 519?
514
Calculate the remainder when 3482133 is divided by 392.
389
What is the remainder when 27727678 is divided by 1088?
1086
Calculate the remainder when 95270058 is divided by 21223.
11
Calculate the remainder when 47799 is divided by 161.
143
What is the remainder when 22178459 is divided by 1185?
1184
Calculate the remainder when 4815968 is divided by 13528.
0
Calculate the remainder when 2910637 is divided by 90910.
1517
Calculate the remainder when 54837728 is divided by 27418840.
48
Calculate the remainder when 469988 is divided by 432.
404
Calculate the remainder when 75113 is divided by 18531.
989
What is the remainder when 109963 is divided by 12105?
1018
What is the remainder when 205111673 is divided by 23?
19
What is the remainder when 12567718 is divided by 24?
22
Calculate the remainder when 20620716 is divided by 34.
22
Calculate the remainder when 8212919 is divided by 4106448.
23
Calculate the remainder when 4401 is divided by 535.
121
Calculate the remainder when 14037748 is divided by 342384.
4
What is the remainder when 17944197 is divided by 443?
39
What is the remainder when 11143413 is divided by 1591915?
8
Calculate the remainder when 37833436 is divided by 32.
28
What is the remainder when 8012610 is divided by 865?
115
What is the remainder when 121048 is divided by 120954?
94
Calculate the remainder when 50629924 is divided by 33.
4
What is the remainder when 102374588 is divided by 462?
8
What is the remainder when 151407 is divided by 4731?
15
What is the remainder when 26443 is divided by 75?
43
Calculate the remainder when 1226524 is divided by 28498.
1110
What is the remainder when 333873 is divided by 111153?
414
What is the remainder when 7640056 is divided by 3524?
24
What is the remainder when 174791 is divided by 85565?
3661
What is the remainder when 35327 is divided by 1408?
127
What is the remainder when 437730 is divided by 806?
72
Calculate the remainder when 44687 is divided by 13216.
5039
What is the remainder when 308824 is divided by 3427?
394
What is the remainder when 424989 is divided by 106213?
137
What is the remainder when 3551784 is divided by 798?
684
Calculate the remainder when 4718389 is divided by 262132.
13
What is the remainder when 108869175 is divided by 105?
30
Calculate the remainder when 287570 is divided by 95576.
842
Calculate the remainder when 1548450599 is divided by 25.
24
What is the remainder when 2860102 is divided by 158?
144
Calculate the remainder when 46564 is divided by 391.
35
What is the remainder when 86379 is divided by 19527?
8271
What is the remainder when 559912 is divided by 2422?
430
What is the remainder when 11561805 is divided by 92?
73
What is the remainder when 323664 is divided by 323150?
514
Calculate the remainder when 23582 is divided by 2354.
42
What is the remainder when 1134939 is divided by 3179?
36
What is the remainder when 5215100 is divided by 143?
33
What is the remainder when 573891 is divided by 5328?
3795
Calculate the remainder when 424717 is divided by 34.
23
Calculate the remainder when 5080500 is divided by 1090.
10
What is the remainder when 76875 is divided by 38259?
357
Calculate the remainder when 40536 is divided by 4058.
4014
What is the remainder when 177159245 is divided by 457?
453
Calculate the remainder when 87022 is divided by 8562.
1402
What is the remainder when 21733300 is divided by 2217?
49
What is the remainder when 43635 is divided by 21008?
1619
What is the remainder when 5765775 is divided by 26?
15
Calculate the remainder when 345119 is divided by 345115.
4
Calculate the remainder when 594344 is divided by 2295.
2234
Calculate the remainder when 50814 is divided by 50782.
32
Calculate the remainder when 426 is divided by 400.
26
Calculate the remainder when 71113 is divided by 3314.
1519
What is the remainder when 394321675 is divided by 843?
838
Calculate the remainder when 7520608 is divided by 75206.
8
What is the remainder when 716912 is divided by 1424?
640
What is the remainder when 66664 is divided by 3862?
1010
What is the remainder when 145023 is divided by 1541?
169
What is the remainder when 117343775 is divided by 24?
23
What is the remainder when 316034 is divided by 455?
264
What is the remainder when 13449478 is divided by 4483153?
19
Calculate the remainder when 1584068 is divided by 93176.
76
Calculate the remainder when 58690321 is divided by 22.
19
Calculate the remainder when 36584139 is divided by 382.
381
What is the remainder when 301701 is divided by 2475?
2226
Calculate the remainder when 1364007 is divided by 5148.
4935
Calculate the remainder when 450378 is divided by 6918.
708
Calculate the remainder when 1178531142 is divided by 4205.
4202
Calculate the remainder when 91470548 is divided by 199.
198
What is the remainder when 11057893 is divided by 3?
1
Calculate the remainder when 787385131 is divided by 48.
43
Calculate the remainder when 119553659 is divided by 2610.
2609
What is the remainder when 15669127 is divided by 4783?
19
Calculate the remainder when 26308805 is divided by 3150.
5
Calculate the remainder when 1746119 is divided by 461.
312
Calculate the remainder when 9326 